7?
3
Calculate the highest common factor of 50771 and 4452.
7
Calculate the greatest common divisor of 368054 and 373922.
326
What is the greatest common divisor of 356953027 and 607?
607
Calculate the highest common factor of 22546518 and 795.
159
Calculate the greatest common divisor of 8984 and 497556380.
4492
Calculate the greatest common divisor of 23529237 and 203.
29
What is the highest common factor of 421 and 1308455791?
421
What is the highest common factor of 18876067 and 28?
7
What is the highest common factor of 165 and 3087555?
15
What is the greatest common divisor of 14832363 and 567?
21
Calculate the highest common factor of 3282109488 and 5712.
5712
Calculate the highest common divisor of 1826 and 2429493.
913
Calculate the highest common divisor of 6024501 and 63.
63
What is the highest common divisor of 494829 and 108379620?
12069
Calculate the highest common factor of 3705813 and 250478.
901
What is the greatest common divisor of 1536 and 26036544?
192
Calculate the greatest common divisor of 8496 and 14814192.
2832
What is the greatest common factor of 38599 and 9519917?
3509
What is the highest common divisor of 86 and 2837613?
43
What is the greatest common divisor of 131535 and 377620?
395
Calculate the greatest common divisor of 1612245 and 205200.
285
Calculate the greatest common factor of 26732 and 2645011106.
13366
Calculate the greatest common factor of 15 and 35408655.
15
Calculate the highest common divisor of 13912 and 5873684.
188
Calculate the greatest common divisor of 1309 and 101526227.
187
Calculate the highest common factor of 5624 and 521922.
74
Calculate the greatest common divisor of 30953 and 57551.
13
Calculate the highest common divisor of 11 and 48082.
1
Calculate the greatest common factor of 242893176 and 56.
8
What is the highest common divisor of 147070 and 7212160?
1910
Calculate the greatest common factor of 1944783 and 11799.
513
Calculate the highest common divisor of 629600 and 2300.
100
What is the highest common factor of 25870 and 1799070?
130
What is the greatest common divisor of 77 and 146643861?
7
What is the highest common factor of 7564 and 38608547?
1891
What is the highest common divisor of 195105270 and 40?
10
Calculate the greatest common factor of 84 and 3435324.
12
What is the greatest common divisor of 16175 and 12500?
25
What is the highest common factor of 65017950 and 750?
150
Calculate the highest common factor of 203826801 and 226.
113
Calculate the greatest common divisor of 361525 and 3325.
25
Calculate the highest common divisor of 370293350 and 700.
350
Calculate the greatest common divisor of 188361 and 32517.
9
Calculate the greatest common divisor of 416 and 25429664.
416
What is the greatest common divisor of 65004147 and 3731?
533
What is the highest common divisor of 1192 and 3327319?
149
What is the highest common divisor of 82317 and 47607858?
3579
Calculate the greatest common divisor of 343577165 and 284.
71
What is the highest common divisor of 9458248 and 16?
8
Calculate the highest common divisor of 52460 and 3172.
244
What is the greatest common factor of 25789 and 7831?
41
What is the greatest common divisor of 9768226 and 942?
314
Calculate the highest common divisor of 2256870 and 1056.
66
What is the greatest common divisor of 135549423 and 27?
27
What is the highest common divisor of 25083 and 17346288?
2787
Calculate the highest common factor of 531200 and 5850.
50
What is the highest common divisor of 9024 and 12053432?
376
Calculate the greatest common divisor of 49138455 and 15.
15
What is the greatest common divisor of 201 and 798439?
67
Calculate the greatest common factor of 651 and 57918819.
651
Calculate the greatest common factor of 1321516237 and 1543.
1543
Calculate the greatest common divisor of 1257 and 98166.
3
What is the highest common divisor of 3080 and 2037140?
140
Calculate the highest common factor of 541 and 3867755611.
541
Calculate the greatest common factor of 36107917 and 86.
43
Calculate the highest common divisor of 2752 and 141178288.
688
What is the highest common divisor of 35080 and 9550?
10
Calculate the highest common factor of 328835 and 7995.
65
What is the highest common divisor of 116063985 and 1945?
1945
What is the highest common divisor of 64899835 and 2365?
55
What is the greatest common factor of 202824 and 102384?
648
What is the greatest common divisor of 4327 and 585945032?
4327
What is the highest common factor of 8385 and 23078745?
645
Calculate the greatest common divisor of 104 and 228053936.
8
Calculate the greatest common factor of 3366 and 2469654.
198
What is the highest common factor of 7 and 68734778?
7
Calculate the greatest common divisor of 14588 and 4570733.
521
What is the highest common divisor of 322562898 and 84?
42
Calculate the greatest common factor of 15968551 and 11874.
1979
Calculate the highest common divisor of 149075440 and 24.
8
Calculate the greatest common divisor of 10279216 and 944.
944
What is the highest common factor of 857406 and 4026?
66
Calculate the highest common divisor of 4819099 and 41.
41
Calculate the greatest common factor of 9591275 and 225.
25
What is the highest common divisor of 715039431 and 51?
51
Calculate the highest common factor of 78080 and 3453820.
1220
Calculate the highest common divisor of 3167060 and 2.
2
What is the greatest common factor of 2249 and 246038?
13
Calculate the highest common divisor of 29328 and 10356.
12
What is the greatest common factor of 2805340559 and 329?
329
What is the greatest common divisor of 13848450 and 3150?
1050
What is the highest common divisor of 3724 and 63994?
98
What is the greatest common divisor of 2513754 and 41182?
118
Calculate the highest common factor of 203889 and 26106.
57
What is the greatest common factor of 1149460 and 800?
20
Calculate the greatest common divisor of 3083922 and 108.
18
Calculate the highest common divisor of 13872 and 4535277.
867
Calculate the highest common divisor of 240 and 17655730.
10
What is the greatest common factor of 4872506 and 118150?
4726
Calculate the highest common divisor of 554 and 1955343.
277
What is the highest common divisor of 1610 and 11253095?
805
Calculate the highest common divisor of 387495 and 3852060.
1635
Calculate the greatest common divisor of 4727983 and 156.
13
What is the greatest common divisor of 1155303 and 1173?
51
Calculate the highest common divisor of 26260 and 487611436.
5252
What is the greatest common factor of 98 and 41343169?
7
What is the highest common factor of 383192 and 8056?
152
Calculate the greatest common factor of 8928893 and 412216.
7361
Calculate the highest common factor of 1005912 and 5184.
216
Calculate the greatest common divisor of 380681 and 2786.
7
Calculate the greatest common divisor of 6204 and 3493604.
188
What is the greatest common divisor of 17525434 and 2608?
326
What is the highest common divisor of 1527744 and 312?
24
What is the highest common factor of 73 and 38226377?
73
What is the greatest common factor of 217337688 and 1080?
216
What is the highest common divisor of 26808 and 8356277?
1117
Calculate the highest common divisor of 109254 and 2793313.
131
Calculate the highest common factor of 32914413 and 42.
21
Calculate the highest common divisor of 7502 and 430342.
682
What is the highest common divisor of 23711499 and 504?
63
Calculate the greatest common factor of 32192737 and 79.
79
Calculate the highest common divisor of 693284 and 3503.
31
Calculate the highest common divisor of 1047 and 150366999.
1047
Calculate the greatest common factor of 546481 and 9268.
331
Calculate the highest common factor of 1789369 and 144532.
1571
What is the greatest common factor of 714636237 and 441?
147
Calculate the greatest common factor of 4945080 and 441.
147
Calculate the highest common divisor of 27567 and 4128.
3
What is the highest common divisor of 443869112 and 32?
8
Calculate the highest common divisor of 229 and 23938.
1
What is the highest common factor of 112 and 2088982?
14
Calculate the greatest common factor of 1200495 and 254280.
2445
Calculate the highest common divisor of 336096 and 15680.
32
Calculate the highest common divisor of 33461486 and 8.
2
What is the highest common 